{"id":124,"date":"2024-11-11T12:21:46","date_gmt":"2024-11-11T12:21:46","guid":{"rendered":"https:\/\/atebahiablanca.org.ar\/?page_id=124"},"modified":"2024-11-11T12:27:54","modified_gmt":"2024-11-11T12:27:54","slug":"historia","status":"publish","type":"page","link":"https:\/\/atebahiablanca.org.ar\/index.php\/historia\/","title":{"rendered":"Historia"},"content":{"rendered":"\t\t<div data-elementor-type=\"wp-page\" data-elementor-id=\"124\" class=\"elementor elementor-124\">\n\t\t\t\t<div class=\"elementor-element elementor-element-f1716fc e-flex e-con-boxed e-con e-parent\" data-id=\"f1716fc\" data-element_type=\"container\">\n\t\t\t\t\t<div class=\"e-con-inner\">\n\t\t\t\t<div class=\"elementor-element elementor-element-d42949e elementor-widget elementor-widget-heading\" data-id=\"d42949e\" data-element_type=\"widget\" data-widget_type=\"heading.default\">\n\t\t\t\t<div class=\"elementor-widget-container\">\n\t\t\t<style>\/*! elementor - v3.23.0 - 15-07-2024 *\/\n.elementor-heading-title{padding:0;margin:0;line-height:1}.elementor-widget-heading .elementor-heading-title[class*=elementor-size-]>a{color:inherit;font-size:inherit;line-height:inherit}.elementor-widget-heading .elementor-heading-title.elementor-size-small{font-size:15px}.elementor-widget-heading .elementor-heading-title.elementor-size-medium{font-size:19px}.elementor-widget-heading .elementor-heading-title.elementor-size-large{font-size:29px}.elementor-widget-heading .elementor-heading-title.elementor-size-xl{font-size:39px}.elementor-widget-heading .elementor-heading-title.elementor-size-xxl{font-size:59px}<\/style><h2 class=\"elementor-heading-title elementor-size-default\">HISTORIA<\/h2>\t\t<\/div>\n\t\t\t\t<\/div>\n\t\t\t\t\t<\/div>\n\t\t\t\t<\/div>\n\t\t<div class=\"elementor-element elementor-element-696936f e-flex e-con-boxed e-con e-parent\" data-id=\"696936f\" data-element_type=\"container\">\n\t\t\t\t\t<div class=\"e-con-inner\">\n\t\t\t\t<div class=\"elementor-element elementor-element-7cdb031 elementor-widget elementor-widget-text-editor\" data-id=\"7cdb031\" data-element_type=\"widget\" data-widget_type=\"text-editor.default\">\n\t\t\t\t<div class=\"elementor-widget-container\">\n\t\t\t<style>\/*! elementor - v3.23.0 - 15-07-2024 *\/\n.elementor-widget-text-editor.elementor-drop-cap-view-stacked .elementor-drop-cap{background-color:#69727d;color:#fff}.elementor-widget-text-editor.elementor-drop-cap-view-framed .elementor-drop-cap{color:#69727d;border:3px solid;background-color:transparent}.elementor-widget-text-editor:not(.elementor-drop-cap-view-default) .elementor-drop-cap{margin-top:8px}.elementor-widget-text-editor:not(.elementor-drop-cap-view-default) .elementor-drop-cap-letter{width:1em;height:1em}.elementor-widget-text-editor .elementor-drop-cap{float:left;text-align:center;line-height:1;font-size:50px}.elementor-widget-text-editor .elementor-drop-cap-letter{display:inline-block}<\/style>\t\t\t\t<p>La tarde del 15 de enero de 1925, en el ya m\u00edtico Teatro Verdi de la Boca, m\u00e1s de un centenar de herreros, carpinteros, mec\u00e1nicos, torneros, peones de patio y fundici\u00f3n, electricistas, alba\u00f1iles, marineros y foguistas de las dragas se juntaron y fundaron una organizaci\u00f3n para la defensa de sus intereses. Un compa\u00f1ero llamado \u00c1lvarez se par\u00f3 y propuso un nombre: Asociaci\u00f3n de Trabajadores del Estado.<\/p><p>As\u00ed nac\u00eda la ATE, con diecinueve compa\u00f1eros elegidos como responsables de la nueva organizaci\u00f3n, y el impulso de los obreros de los talleres de la Direcci\u00f3n Nacional de Navegaci\u00f3n y Puertos del Riachuelo y de la zona portuaria.<\/p><p>Eran los tiempos de Marcelo T. de Alvear en el gobierno y el Dr. Ortiz en el Ministerio de Obras P\u00fablicas (MOP), en los que los afiliados de la naciente organizaci\u00f3n, mayoritariamente empleados de dicho ministerio, trabajaban como jornaleros con atrasos en sus bajos ingresos, sin sistemas de previsi\u00f3n ni licencias por enfermedad, sin escalaf\u00f3n ni r\u00e9gimen de ascensos.<\/p><p>El impulso inicial de los trabajadores de Navegaci\u00f3n y puertos se expandi\u00f3 entre los marineros de las dragas de Corrientes, Concepci\u00f3n del Uruguay, Paran\u00e1, Rosario y posteriormente entre los empleados de la Direcci\u00f3n de Arquitectura y los trabajadores del Arsenal Naval de Puerto Belgrano en Punta Alta.<\/p><p>Por aquellos a\u00f1os, para ser afiliado a ATE bastaba ser obrero y empleado de la Administraci\u00f3n Nacional sin distinci\u00f3n de sexo y con la \u00fanica excepci\u00f3n de los jefes superiores. Su prop\u00f3sito era \u00abpropender al mejoramiento de las condiciones econ\u00f3micas, t\u00e9cnicas, morales y sociales de sus asociados; la estabilidad de obreros y empleados nacionales; la implantaci\u00f3n del escalaf\u00f3n para los mismos; reforma de la Ley de Jubilaciones y Pensiones Civiles; reforma de la Ley de Accidentes de trabajo\u00bb.<\/p><p>La asociaci\u00f3n se declaraba ajena a toda cuesti\u00f3n pol\u00edtica, religiosa u otras creencias, y declaraba terminantemente prohibidas las discusiones sobre esos asuntos dentro del local sindical.<\/p><p>Cada localidad con un m\u00ednimo de 100 obreros y empleados estatales y 25 afiliados, deber\u00eda formar una seccional que estar\u00eda ligada a una secci\u00f3n central instalada en Buenos Aires y conducida por una Comisi\u00f3n Directiva.<\/p><p>Las cuotas sindicales se cobraban a trav\u00e9s de los delegados cobradores, cuya tarea consist\u00eda, adem\u00e1s, en informar a la Directiva de los asuntos de inter\u00e9s para la organizaci\u00f3n, repartir el peri\u00f3dico y hacer las convocatorias. Para los afiliados, en cambio, eran la Asociaci\u00f3n toda.<\/p><p>El primer local, alquilado, estuvo en la calle Alte. Brown 392 del barrio de La Boca, y contaba con una secretar\u00eda y un gran sal\u00f3n de lectura con dos amplias bibliotecas.<\/p><p>Desde el origen, los compa\u00f1eros fundadores dedicaron esfuerzo a la promoci\u00f3n de la lectura, la prensa propia, la creaci\u00f3n de bibliotecas, la organizaci\u00f3n de conferencias y charlas y, con el tiempo, programas de radio.<\/p><p>El primer n\u00famero de \u00abEl trabajador del Estado\u00bb sali\u00f3 el 20 de noviembre de 1925, con una tirada de 3.000 ejemplares, sin avisos publicitarios y apareciendo todos los 20 de cada mes.<\/p><p>A esa altura, el gremio hab\u00eda crecido considerablemente con la inclusi\u00f3n de nuevas seccionales: La Plata, Santiago del Estero, Tucum\u00e1n, Comodoro Rivadavia, Mercedes (San Lu\u00eds), Zarate y segu\u00edan. A los originarios obreros del Ministerio de Obras P\u00fablicas, se unieron los trabajadores de YPF, los telepostales y distintos sectores de la administraci\u00f3n p\u00fablica.<\/p><p>El 12 de agosto de 1928, se realiz\u00f3 el primer Congreso Ordinario de ATE, el fundacional, donde se reclam\u00f3 fuertemente el reconocimiento por parte del Estado del derecho a la organizaci\u00f3n, la abolici\u00f3n de los reglamentos internos que restringieran la actividad sindical y, naturalmente, el reconocimiento de la Asociaci\u00f3n como \u00abentidad de clase de car\u00e1cter nacional\u00bb.<\/p><p>ATE ya era una organizaci\u00f3n s\u00f3lida y creciente con miles de afiliados en gran parte del pa\u00eds, seccionales que se fundaban y un cauce que se abr\u00eda. Para 1932, ya eran 30.000 trabajadores agrupados en 22 seccionales.<\/p><p>Eran los tiempos de la denominada D\u00e9cada Infame, tras el golpe a Irigoyen en 1930 y la instauraci\u00f3n de la dictadura olig\u00e1rquica de Uriburu.<\/p><p>Ajuste, depreciaci\u00f3n del salario, recorte del presupuesto estatal, aumento de la recesi\u00f3n y la desocupaci\u00f3n fueron las consecuencias de las pol\u00edticas antinacionales y pro brit\u00e1nicas implementadas por el poder de los sables o de las urnas fraudulentas.<\/p><p>En la clase obrera se instalaba el debate entre Fascismo y Democracia, y el mundo se alistaba a una nueva guerra generalizada, mientras los trabajadores argentinos sobreviv\u00edan a una crisis descripta por mil tangos.<\/p><p>Los sindicalistas y los socialistas se disputaban la CGT y el movimiento obrero y ATE, por su parte, no pod\u00eda escapar a las divisiones mientras crec\u00eda y se consolidaba como organizaci\u00f3n nacional.<\/p>\t\t\t\t\t\t<\/div>\n\t\t\t\t<\/div>\n\t\t\t\t\t<\/div>\n\t\t\t\t<\/div>\n\t\t\t\t<\/div>\n\t\t","protected":false},"excerpt":{"rendered":"<p>HISTORIA La tarde del 15 de enero de 1925, en el ya m\u00edtico Teatro Verdi de la Boca, m\u00e1s de [&hellip;]<\/p>\n","protected":false},"author":1,"featured_media":0,"parent":0,"menu_order":0,"comment_status":"closed","ping_status":"closed","template":"","meta":{"site-sidebar-layout":"no-sidebar","site-content-layout":"","ast-site-content-layout":"full-width-container","site-content-style":"default","site-sidebar-style":"default","ast-global-header-display":"","ast-banner-title-visibility":"","ast-main-header-display":"","ast-hfb-above-header-display":"","ast-hfb-below-header-display":"","ast-hfb-mobile-header-display":"","site-post-title":"disabled","ast-breadcrumbs-content":"","ast-featured-img":"disabled","footer-sml-layout":"","theme-transparent-header-meta":"","adv-header-id-meta":"","stick-header-meta":"","header-above-stick-meta":"","header-main-stick-meta":"","header-below-stick-meta":"","astra-migrate-meta-layouts":"default","ast-page-background-enabled":"default","ast-page-background-meta":{"desktop":{"background-color":"var(--ast-global-color-4)","background-image":"","background-repeat":"repeat","background-position":"center center","background-size":"auto","background-attachment":"scroll","background-type":"","background-media":"","overlay-type":"","overlay-color":"","overlay-gradient":""},"tablet":{"background-color":"","background-image":"","background-repeat":"repeat","background-position":"center center","background-size":"auto","background-attachment":"scroll","background-type":"","background-media":"","overlay-type":"","overlay-color":"","overlay-gradient":""},"mobile":{"background-color":"","background-image":"","background-repeat":"repeat","background-position":"center center","background-size":"auto","background-attachment":"scroll","background-type":"","background-media":"","overlay-type":"","overlay-color":"","overlay-gradient":""}},"ast-content-background-meta":{"desktop":{"background-color":"var(--ast-global-color-5)","background-image":"","background-repeat":"repeat","background-position":"center center","background-size":"auto","background-attachment":"scroll","background-type":"","background-media":"","overlay-type":"","overlay-color":"","overlay-gradient":""},"tablet":{"background-color":"var(--ast-global-color-5)","background-image":"","background-repeat":"repeat","background-position":"center center","background-size":"auto","background-attachment":"scroll","background-type":"","background-media":"","overlay-type":"","overlay-color":"","overlay-gradient":""},"mobile":{"background-color":"var(--ast-global-color-5)","background-image":"","background-repeat":"repeat","background-position":"center center","background-size":"auto","background-attachment":"scroll","background-type":"","background-media":"","overlay-type":"","overlay-color":"","overlay-gradient":""}},"footnotes":""},"class_list":["post-124","page","type-page","status-publish","hentry"],"_links":{"self":[{"href":"https:\/\/atebahiablanca.org.ar\/index.php\/wp-json\/wp\/v2\/pages\/124","targetHints":{"allow":["GET"]}}],"collection":[{"href":"https:\/\/atebahiablanca.org.ar\/index.php\/wp-json\/wp\/v2\/pages"}],"about":[{"href":"https:\/\/atebahiablanca.org.ar\/index.php\/wp-json\/wp\/v2\/types\/page"}],"author":[{"embeddable":true,"href":"https:\/\/atebahiablanca.org.ar\/index.php\/wp-json\/wp\/v2\/users\/1"}],"replies":[{"embeddable":true,"href":"https:\/\/atebahiablanca.org.ar\/index.php\/wp-json\/wp\/v2\/comments?post=124"}],"version-history":[{"count":7,"href":"https:\/\/atebahiablanca.org.ar\/index.php\/wp-json\/wp\/v2\/pages\/124\/revisions"}],"predecessor-version":[{"id":132,"href":"https:\/\/atebahiablanca.org.ar\/index.php\/wp-json\/wp\/v2\/pages\/124\/revisions\/132"}],"wp:attachment":[{"href":"https:\/\/atebahiablanca.org.ar\/index.php\/wp-json\/wp\/v2\/media?parent=124"}],"curies":[{"name":"wp","href":"https:\/\/api.w.org\/{rel}","templated":true}]}}

<div data-elementor-type="wp-page" data-elementor-id="124" class="elementor elementor-124">
				<div class="elementor-element elementor-element-f1716fc e-flex e-con-boxed e-con e-parent" data-id="f1716fc" data-element_type="container">
					<div class="e-con-inner">
				<div class="elementor-element elementor-element-d42949e elementor-widget elementor-widget-heading" data-id="d42949e" data-element_type="widget" data-widget_type="heading.default">
				<div class="elementor-widget-container">
			<style>/*! elementor - v3.23.0 - 15-07-2024 */
.elementor-heading-title{padding:0;margin:0;line-height:1}.elementor-widget-heading .elementor-heading-title[class*=elementor-size-]>a{color:inherit;font-size:inherit;line-height:inherit}.elementor-widget-heading .elementor-heading-title.elementor-size-small{font-size:15px}.elementor-widget-heading .elementor-heading-title.elementor-size-medium{font-size:19px}.elementor-widget-heading .elementor-heading-title.elementor-size-large{font-size:29px}.elementor-widget-heading .elementor-heading-title.elementor-size-xl{font-size:39px}.elementor-widget-heading .elementor-heading-title.elementor-size-xxl{font-size:59px}</style><h2 class="elementor-heading-title elementor-size-default">HISTORIA</h2>		</div>
				</div>
					</div>
				</div>
		<div class="elementor-element elementor-element-696936f e-flex e-con-boxed e-con e-parent" data-id="696936f" data-element_type="container">
					<div class="e-con-inner">
				<div class="elementor-element elementor-element-7cdb031 elementor-widget elementor-widget-text-editor" data-id="7cdb031" data-element_type="widget" data-widget_type="text-editor.default">
				<div class="elementor-widget-container">
			<style>/*! elementor - v3.23.0 - 15-07-2024 */
.elementor-widget-text-editor.elementor-drop-cap-view-stacked .elementor-drop-cap{background-color:#69727d;color:#fff}.elementor-widget-text-editor.elementor-drop-cap-view-framed .elementor-drop-cap{color:#69727d;border:3px solid;background-color:transparent}.elementor-widget-text-editor:not(.elementor-drop-cap-view-default) .elementor-drop-cap{margin-top:8px}.elementor-widget-text-editor:not(.elementor-drop-cap-view-default) .elementor-drop-cap-letter{width:1em;height:1em}.elementor-widget-text-editor .elementor-drop-cap{float:left;text-align:center;line-height:1;font-size:50px}.elementor-widget-text-editor .elementor-drop-cap-letter{display:inline-block}</style>				<p>La tarde del 15 de enero de 1925, en el ya mítico Teatro Verdi de la Boca, más de un centenar de herreros, carpinteros, mecánicos, torneros, peones de patio y fundición, electricistas, albañiles, marineros y foguistas de las dragas se juntaron y fundaron una organización para la defensa de sus intereses. Un compañero llamado Álvarez se paró y propuso un nombre: Asociación de Trabajadores del Estado.</p><p>Así nacía la ATE, con diecinueve compañeros elegidos como responsables de la nueva organización, y el impulso de los obreros de los talleres de la Dirección Nacional de Navegación y Puertos del Riachuelo y de la zona portuaria.</p><p>Eran los tiempos de Marcelo T. de Alvear en el gobierno y el Dr. Ortiz en el Ministerio de Obras Públicas (MOP), en los que los afiliados de la naciente organización, mayoritariamente empleados de dicho ministerio, trabajaban como jornaleros con atrasos en sus bajos ingresos, sin sistemas de previsión ni licencias por enfermedad, sin escalafón ni régimen de ascensos.</p><p>El impulso inicial de los trabajadores de Navegación y puertos se expandió entre los marineros de las dragas de Corrientes, Concepción del Uruguay, Paraná, Rosario y posteriormente entre los empleados de la Dirección de Arquitectura y los trabajadores del Arsenal Naval de Puerto Belgrano en Punta Alta.</p><p>Por aquellos años, para ser afiliado a ATE bastaba ser obrero y empleado de la Administración Nacional sin distinción de sexo y con la única excepción de los jefes superiores. Su propósito era «propender al mejoramiento de las condiciones económicas, técnicas, morales y sociales de sus asociados; la estabilidad de obreros y empleados nacionales; la implantación del escalafón para los mismos; reforma de la Ley de Jubilaciones y Pensiones Civiles; reforma de la Ley de Accidentes de trabajo».</p><p>La asociación se declaraba ajena a toda cuestión política, religiosa u otras creencias, y declaraba terminantemente prohibidas las discusiones sobre esos asuntos dentro del local sindical.</p><p>Cada localidad con un mínimo de 100 obreros y empleados estatales y 25 afiliados, debería formar una seccional que estaría ligada a una sección central instalada en Buenos Aires y conducida por una Comisión Directiva.</p><p>Las cuotas sindicales se cobraban a través de los delegados cobradores, cuya tarea consistía, además, en informar a la Directiva de los asuntos de interés para la organización, repartir el periódico y hacer las convocatorias. Para los afiliados, en cambio, eran la Asociación toda.</p><p>El primer local, alquilado, estuvo en la calle Alte. Brown 392 del barrio de La Boca, y contaba con una secretaría y un gran salón de lectura con dos amplias bibliotecas.</p><p>Desde el origen, los compañeros fundadores dedicaron esfuerzo a la promoción de la lectura, la prensa propia, la creación de bibliotecas, la organización de conferencias y charlas y, con el tiempo, programas de radio.</p><p>El primer número de «El trabajador del Estado» salió el 20 de noviembre de 1925, con una tirada de 3.000 ejemplares, sin avisos publicitarios y apareciendo todos los 20 de cada mes.</p><p>A esa altura, el gremio había crecido considerablemente con la inclusión de nuevas seccionales: La Plata, Santiago del Estero, Tucumán, Comodoro Rivadavia, Mercedes (San Luís), Zarate y seguían. A los originarios obreros del Ministerio de Obras Públicas, se unieron los trabajadores de YPF, los telepostales y distintos sectores de la administración pública.</p><p>El 12 de agosto de 1928, se realizó el primer Congreso Ordinario de ATE, el fundacional, donde se reclamó fuertemente el reconocimiento por parte del Estado del derecho a la organización, la abolición de los reglamentos internos que restringieran la actividad sindical y, naturalmente, el reconocimiento de la Asociación como «entidad de clase de carácter nacional».</p><p>ATE ya era una organización sólida y creciente con miles de afiliados en gran parte del país, seccionales que se fundaban y un cauce que se abría. Para 1932, ya eran 30.000 trabajadores agrupados en 22 seccionales.</p><p>Eran los tiempos de la denominada Década Infame, tras el golpe a Irigoyen en 1930 y la instauración de la dictadura oligárquica de Uriburu.</p><p>Ajuste, depreciación del salario, recorte del presupuesto estatal, aumento de la recesión y la desocupación fueron las consecuencias de las políticas antinacionales y pro británicas implementadas por el poder de los sables o de las urnas fraudulentas.</p><p>En la clase obrera se instalaba el debate entre Fascismo y Democracia, y el mundo se alistaba a una nueva guerra generalizada, mientras los trabajadores argentinos sobrevivían a una crisis descripta por mil tangos.</p><p>Los sindicalistas y los socialistas se disputaban la CGT y el movimiento obrero y ATE, por su parte, no podía escapar a las divisiones mientras crecía y se consolidaba como organización nacional.</p>						</div>
				</div>
					</div>
				</div>
				</div>

<p>HISTORIA La tarde del 15 de enero de 1925, en el ya mítico Teatro Verdi de la Boca, más de [&hellip;]</p>
